-17).
5
Let m(r) = 81*r - 1256. Determine m(17).
121
Let y(p) = p**3 + 40*p**2 - 2*p - 97. Give y(-40).
-17
Let m(q) = -83*q - 2420. What is m(-29)?
-13
Let c(t) = -2*t**2 - 18*t + 53. What is c(10)?
-327
Let c(t) = 34*t + 78. What is c(-10)?
-262
Let u(w) = w**2 + 24*w + 54. Give u(-8).
-74
Let u(t) = t**2 + 22*t + 38. What is u(-19)?
-19
Let y(o) = 13*o**3 + 107*o**2 + 13*o - 78. Give y(-8).
10
Let c(g) = 96*g - 194. What is c(2)?
-2
Let i(a) = -a**3 + a**2 - 2*a - 33. Calculate i(-6).
231
Let p(b) = -b**3 - 18*b**2 + 26*b + 74. What is p(-19)?
-59
Let w(l) = -585*l - 11694. Determine w(-20).
6
Let l(m) = m**3 + 15*m**2 - 99*m - 1126. What is l(-17)?
-21
Let x(p) = p**3 + 95*p**2 + 90*p - 371. What is x(-94)?
5
Let o(j) = 10*j - 53. Calculate o(-2).
-73
Let z(s) = 2*s**2 - 28*s - 195. Determine z(-5).
-5
Let l(p) = -p**2 - 91*p - 174. Calculate l(-2).
4
Let h(p) = 4*p**3 + 20*p**2 - 43*p - 223. Calculate h(-6).
-109
Let t(q) = -3*q**2 - 7*q - 2. What is t(-9)?
-182
Let t(v) = v**3 - 39*v**2 + 39*v - 63. Determine t(38).
-25
Let b(j) = -3*j**2 + 13*j + 93. What is b(-4)?
-7
Let o(m) = -m**3 - 5*m**2 - 19*m - 92. Calculate o(-4).
-32
Let q(c) = c + 258. Give q(10).
268
Let x(c) = 130*c + 2592. Calculate x(-20).
-8
Let y(z) = -20*z + 871. Give y(44).
-9
Let k(o) = 8*o**2 - 92*o - 6. What is k(17)?
742
Let d(h) = h**3 - 34*h**2 - 352*h + 679. Give d(42).
7
Let f(i) = 2*i**2 + 36*i - 163. Give f(-21).
-37
Let o(j) = -9*j**2 - 67*j - 16. Determine o(-7).
12
Let v(q) = -q**2 - 33*q + 421. What is v(-46)?
-177
Let y(h) = 4*h**3 - 18*h**2 + 4*h - 6. Determine y(4).
-22
Let t(a) = 50*a + 203. Calculate t(-4).
3
Let u(p) = 85*p - 153. Give u(2).
17
Let p(x) = x**2 - 108*x + 2483. Give p(33).
8
Let y(t) = -t**2 - 14*t - 152. Determine y(-7).
-103
Let l(g) = -55*g + 35. Determine l(-1).
90
Let v(u) = -2*u**3 - 223*u**2 + 926*u. Calculate v(4).
8
Let w(s) = -6*s**2 + 26*s - 68. Calculate w(5).
-88
Let u(t) = -17*t**2 - 7*t + 17. Give u(3).
-157
Let x(o) = 2024*o - 2025. What is x(1)?
-1
Let w(v) = -120*v**2 - 83*v + 238. What is w(3)?
-1091
Let k(x) = x**3 + 79*x**2 + 150*x - 310. Give k(-77).
-2
Let g(a) = 277*a + 1892. Calculate g(-7).
-47
Let i(n) = -23*n - 128. Determine i(-6).
10
Let n(d) = -d**3 + 29*d**2 - 3*d + 2019. Determine n(31).
4
Let l(x) = x**2 + 80*x + 633. What is l(-9)?
-6
Let k(g) = -g**2 + 46*g + 632. What is k(57)?
5
Let o(i) = 18*i - 116. Give o(9).
46
Let b(n) = -2*n**3 + 9*n**2 + 22*n - 93. What is b(5)?
-8
Let z(f) = 35*f**2 - 277*f - 1. What is z(8)?
23
Let r(z) = z**2 + 6*z - 3237. Determine r(54).
3
Let n(v) = v**2 + 23*v + 132. Give n(-14).
6
Let g(j) = -141*j - 941. What is g(-7)?
46
Let g(b) = -b**3 + 20*b**2 - 21*b - 256. Calculate g(18).
14
Let b(a) = -a**2 + 17*a - 72. Give b(16).
-56
Let v(q) = 9*q**2 + 50*q - 4. Calculate v(-4).
-60
Let r(d) = d**2 - 94*d + 285. Give r(3).
12
Let g(n) = -n**3 - 45*n**2 + 30*n - 673. What is g(-46)?
63
Let j(g) = 17*g + 27. What is j(-1)?
10
Let f(j) = -2286*j - 18288. What is f(-8)?
0
Let g(a) = -5*a**3 + 15*a**2 - 11*a - 2. What is g(3)?
-35
Let x(n) = 144*n - 4841. What is x(34)?
55
Let s(x) = -3270*x + 6520. Determine s(2).
-20
Let f(b) = 26*b + 87. Calculate f(-4).
-17
Let c(y) = y**2 + y - 240. Calculate c(0).
-240
Let t(z) = 4*z + 82. Determine t(-20).
2
Let l(u) = 22*u**3 + 5*u - 6. Calculate l(1).
21
Let r(p) = p**3 - 84*p**2 + 677*p - 18. Determine r(9).
0
Let f(n) = -36*n**3 - 2*n**2 + 127*n - 126. Give f(1).
-37
Let c(w) = -3*w**3 - 6*w**2 - 2*w - 2. What is c(4)?
-298
Let u(q) = 513*q - 406. What is u(1)?
107
Let q(x) = -x**2 + 16*x + 174. Calculate q(-10).
-86
Let y(f) = -76*f + 1187. Give y(14).
123
Let g(w) = 540*w + 239. Give g(-1).
-301
Let r(d) = -58*d - 313. Give r(5).
-603
Let q(b) = -4*b**3 - 8*b**2 + 9*b. What is q(4)?
-348
Let r(h) = 2*h**3 + 8*h**2 - 116*h + 1. What is r(-10)?
-39
Let b(d) = -6*d + 359. Calculate b(58).
11
Let u(a) = 7710*a + 123354. What is u(-16)?
-6
Let f(q) = 5*q**2 + 30*q - 181. What is f(-10)?
19
Let m(y) = -y**3 - 2*y**2 - y - 106. Give m(-4).
-70
Let k(q) = -q**3 - 43*q**2 - 280*q - 27. Give k(-35).
-27
Let s(k) = 7*k - 8. What is s(-3)?
-29
Let s(q) = -605*q**2 - 565*q - 1. Give s(-1).
-41
Let m(v) = -2*v**3 - 37*v**2 - 82*v + 64. Give m(-16).
96
Let c(f) = -2*f**2 - 54*f - 294. Calculate c(-19).
10
Let p(o) = 2*o + 33. Give p(-3).
27
Let b(i) = i**3 - 7*i**2 - 30*i + 216. Give b(6).
0
Let w(b) = -74*b + 7029. What is w(96)?
-75
Let z(w) = 85*w + 42. Calculate z(-3).
-213
Let r(s) = -299*s + 596. Determine r(2).
-2
Let n(s) = -11*s - 110. Calculate n(-2).
-88
Let z(i) = -10*i**3 - i**2 - 989*i + 991. Give z(1).
-9
Let v(k) = k**2 - 50*k - 1037. Give v(65).
-62
Let h(t) = 137*t + 109. What is h(0)?
109
Let w(r) = -25*r - 36. Calculate w(-2).
14
Let c(w) = 4*w**2 - 16*w - 41. Give c(-8).
343
Let t(x) = 86*x**2 - 1551*x + 61. Give t(18).
7
Let h(o) = -o**3 + 34*o**2 - 36*o - 4. Calculate h(0).
-4
Let x(a) = -a**3 - 12*a**2 + 80*a + 14. Give x(5).
-11
Let x(h) = -h**2 - 1826*h + 18351. Calculate x(10).
-9
Let c(t) = -t**2 + 93*t + 5136. Determine c(132).
-12
Let t(n) = -7*n**2 - 59*n + 72. Calculate t(-9).
36
Let d(l) = 138*l - 1044. What is d(9)?
198
Let o(r) = 37*r - 410. Calculate o(13).
71
Let n(y) = -y**3 - 53*y**2 - 5*y - 310. Give n(-53).
-45
Let s(y) = y**3 + y**2 + 3*y + 38. Give s(0).
38
Let v(u) = -143*u - 989. Determine v(-7).
12
Let h(a) = 420*a + 8837. Give h(-21).
17
Let x(b) = -2*b**2 + 4*b - 10. Determine x(4).
-26
Let a(o) = -7*o - 182. What is a(13)?
-273
Let f(j) = -j**2 - 29*j + 53. What is f(2)?
-9
Let a(v) = -24*v + 2323. Calculate a(95).
43
Let z(f) = 2*f**2 + 77*f + 701. Determine z(-24).
5
Let f(n) = -2*n**2 + 5*n + 62. Determine f(11).
-125
Let w(y) = -2*y**3 - 37*y**2 - 18*y + 52. Calculate w(-18).
52
Let m(c) = -11*c**2 - 72*c - 27. What is m(-6)?
9
Let v(y) = -y**2 - 3387*y + 27171. What is v(8)?
11
Let c(v) = 5*v**2 - 366*v + 1772. Calculate c(68).
4
Let o(n) = 9*n - 289. Determine o(30).
-19
Let p(g) = -g**2 - 286*g - 13569. Determine p(-60).
-9
Let s(v) = v**2 - 21*v + 21. What is s(1)?
1
Let v(s) = -69*s. Give v(-1).
69
Let a(u) = -2*u**3 + u**2 - 9*u - 2. Calculate a(-1).
10
Let l(y) = -2*y**2 - 103*y - 532. Determine l(-46).
-26
Let f(g) = 990*g + 7887. Calculate f(-8).
-33
Let h(b) = 37*b + 606. Determine h(-17).
-23
Let y(i) = 2*i**2 + 70*i + 111. What is y(-34)?
43
Let s(d) = d**3 - 21*d**2 + 89*d + 9. What is s(6)?
3
Let q(g) = 118*g + 643. Give q(-5).
53
Let q(t) = 8*t**3 + 2*t**2 + 4*t + 22. Calculate q(-3).
-188
Let p(j) = -584*j - 10518. Calculate p(-18).
-6
Let f(t) = t**3 - 41*t**2 - 131*t + 5347. Give f(41).
-24
Let d(m) = 30*m - 64. Determine d(-5).
-214
Let u(d) = 19*d + 1399. What is u(-75)?
-26
Let x(z) = 3*z**2 + z - 392. Determine x(16).
392
Let j(h) = -h**3 + 14*h**2 + 10*h - 152. Give j(14).
-12
Let w(o) = -111*o + 939. What is w(9)?
-60
Let l(s) = 2*s**2 - 5*s - 258. What is l(14)?
64
Let a(t) = -t**3 + 68*t**2 - 123. Give a(68).
-123
Let x(p) = -658*p - 3785. Give x(-6).
163
Let g(p) = p**3 - 4*p**2 + 4*p - 12. Give g(0).
-12
Let c(s) = 3*s**3 + 20*s**2 - 4*s + 17. Give c(-7).
-4
Let r(u) = 111*u - 1322. Give r(12).
10
Let r(j) = 13*j**2 - 126*j + 36. Calculate r(11).
223
Let h(k) = -k**3 - 7*k**2 - 7*k + 3. Determine h(-4).
-17
Let q(f) = -3*f**2 - 52*f - 213. Determine q(-11).
-4
Let m(u) = -u**3 + 14*u**2 + 2*u - 64. Give m(14).
-36
Let f(g) = -g**2 + 21*g + 81. Determine f(24).
9
Let z(l) = l**3 + 32*l**2 - 1770*l - 89. Determine z(-61).
-28
Let q(k) = -k**3 + 15*k**2 - 79*k + 516. Determine q(12).
0
Let z(m) = -37*m - 440. Determine z(-9).
-107
Let d(k) = 24*k**2 - 136*k + 136. What is d(1)?
24
Let l(r) = -2*r**3 + 15*r**2 + 10*r + 17. Determine l(8).
33
Let r(b) = 45*b - 4757. Calculate r(106).
13
Let w(p) = 35*p - 490. Determine w(17).
105
Let w(k) = -k**3 - 17*k**2 - 72*k - 546. Give w(-16).
350
Let t(o) = 2402*o + 4812. What is t(-2)?
8
Let k(x) = -x**2 - 163*x - 2005. Give k(-12).
-193
Let z(u) = -6*u**3 + 29*u**2 + 266*u - 9. Give z(-5).
136
Let y(q) = -q**3 + 47*q**2 - 49*q + 26. What is y(46)?
-112
Let t(i) = i**3 - 8*i**2 - 531*i - 15. What is t(-19)?
327
Let c(h) = 2*h**3 + 110*h**2 + 591*h + 144. Give c(-49).
-3
Let z(l) = l**3 - l**2 - 8*l - 2. Calculate z(-4).
-5